greatest common factor of 27642 and 20502.
102
What is the greatest common divisor of 4212 and 9396?
324
Calculate the greatest common factor of 1007 and 570.
19
Calculate the highest common factor of 764 and 3942049.
191
Calculate the highest common divisor of 516 and 79378.
86
What is the highest common factor of 2412 and 425718?
1206
What is the highest common factor of 10452 and 384?
12
What is the highest common divisor of 3618 and 9?
9
Calculate the highest common factor of 275 and 9590.
5
What is the greatest common divisor of 3639940 and 20?
20
Calculate the greatest common divisor of 469 and 1474.
67
What is the greatest common divisor of 1267111 and 97?
97
Calculate the highest common factor of 29600 and 259.
37
Calculate the greatest common factor of 8 and 31.
1
Calculate the highest common divisor of 21 and 139097.
7
What is the highest common factor of 1043 and 489763?
149
What is the greatest common divisor of 203 and 1918?
7
Calculate the greatest common factor of 1622 and 59.
1
What is the highest common divisor of 75 and 892950?
75
What is the greatest common factor of 708 and 3905092?
236
What is the greatest common factor of 1110 and 39950?
10
Calculate the greatest common factor of 8 and 50545.
1
What is the highest common divisor of 128 and 65248?
32
What is the greatest common factor of 10666 and 8?
2
What is the highest common divisor of 103872 and 320?
64
Calculate the highest common divisor of 195243 and 78369.
453
Calculate the highest common divisor of 132 and 8489580.
132
Calculate the greatest common factor of 184 and 129628.
92
What is the greatest common factor of 187 and 598147?
11
What is the highest common divisor of 119427 and 94?
47
Calculate the highest common divisor of 395602 and 446.
446
What is the greatest common factor of 114139 and 727?
727
What is the highest common factor of 533620 and 220?
20
Calculate the greatest common factor of 375 and 26925.
75
Calculate the highest common factor of 1124 and 731162.
562
What is the highest common divisor of 183950 and 400?
50
Calculate the greatest common divisor of 28 and 52964.
4
Calculate the highest common divisor of 161096 and 364.
52
What is the greatest common factor of 4410 and 11130?
210
What is the highest common divisor of 762298 and 2034?
226
What is the highest common factor of 1274 and 224?
14
What is the greatest common factor of 3110 and 30?
10
Calculate the greatest common divisor of 2614472 and 224.
56
Calculate the greatest common factor of 744 and 699112.
248
Calculate the greatest common factor of 45 and 75635.
5
Calculate the highest common divisor of 185129 and 1113.
371
What is the greatest common divisor of 44 and 19316?
44
Calculate the highest common factor of 7756 and 44.
4
Calculate the highest common factor of 79 and 80027.
79
Calculate the highest common divisor of 162 and 55323.
81
What is the greatest common divisor of 4544 and 32376?
568
Calculate the highest common factor of 2204235 and 1314.
657
Calculate the highest common factor of 190 and 48260.
190
What is the highest common factor of 26 and 564928?
26
Calculate the highest common factor of 147143 and 6187.
269
What is the highest common factor of 940 and 3478?
94
What is the highest common factor of 31897 and 2101?
191
Calculate the highest common divisor of 300 and 292100.
100
What is the greatest common divisor of 3197 and 4448?
139
Calculate the highest common factor of 24270 and 246.
6
What is the highest common factor of 439277 and 31027?
1633
What is the highest common factor of 10291 and 82?
41
Calculate the highest common factor of 80 and 51710.
10
What is the greatest common divisor of 645 and 8145?
15
Calculate the greatest common factor of 23 and 165853.
23
What is the highest common divisor of 14 and 1183322?
14
Calculate the greatest common factor of 38767 and 5.
1
Calculate the greatest common factor of 208 and 623792.
208
What is the highest common divisor of 8725 and 16752?
349
What is the highest common divisor of 36537 and 285?
57
Calculate the greatest common factor of 1554901 and 47.
47
What is the highest common divisor of 866018 and 1522?
1522
What is the highest common divisor of 54 and 29871?
9
What is the highest common divisor of 511207 and 34?
17
What is the greatest common factor of 3421 and 429?
11
What is the greatest common factor of 5980 and 943?
23
Calculate the greatest common factor of 14 and 369411.
7
Calculate the highest common factor of 620 and 105555.
155
Calculate the greatest common factor of 5446 and 56.
14
What is the greatest common factor of 212 and 16006?
106
What is the highest common factor of 7 and 173341?
7
Calculate the greatest common factor of 914644 and 3012.
1004
What is the highest common factor of 2320 and 90045?
145
Calculate the highest common factor of 28 and 3373860.
28
Calculate the greatest common factor of 2353 and 11403.
181
Calculate the highest common divisor of 27 and 587781.
9
Calculate the highest common divisor of 204 and 8100.
12
Calculate the highest common divisor of 17113870 and 190.
190
Calculate the highest common divisor of 42132 and 12.
12
Calculate the highest common factor of 1001 and 80509.
143
What is the greatest common divisor of 20 and 114370?
10
What is the highest common divisor of 1615 and 13039?
17
What is the greatest common divisor of 714 and 491113?
119
Calculate the highest common divisor of 23236 and 1739.
37
What is the greatest common divisor of 233 and 103?
1
Calculate the highest common factor of 16 and 122692.
4
Calculate the highest common divisor of 120374 and 26846.
866
What is the highest common divisor of 4465 and 760?
95
Calculate the greatest common divisor of 806 and 27794.
26
What is the highest common factor of 37291 and 356?
89
What is the highest common factor of 34584 and 2046?
66
Calculate the greatest common factor of 43104 and 288.
96
What is the highest common factor of 4920 and 239850?
1230
What is the greatest common divisor of 7169 and 5?
1
Calculate the highest common factor of 8250 and 264.
66
What is the greatest common divisor of 4898689 and 1591?
1591
What is the highest common factor of 20066 and 13462?
254
Calculate the highest common divisor of 1458 and 480411.
729
Calculate the greatest common divisor of 127 and 61595.
127
Calculate the highest common divisor of 6460 and 2774.
38
Calculate the highest common factor of 6048 and 2892.
12
Calculate the greatest common divisor of 922040 and 1850.
370
Calculate the highest common factor of 13 and 34944.
13
What is the highest common factor of 79453 and 3069?
341
Calculate the highest common divisor of 2850 and 87450.
150
What is the greatest common divisor of 6018 and 1770?
354
What is the highest common factor of 335 and 2390560?
335
Calculate the highest common factor of 2 and 2515.
1
Calculate the greatest common factor of 13824 and 26676.
108
Calculate the greatest common factor of 10038 and 126.
42
What is the highest common factor of 72 and 665874?
18
What is the highest common factor of 80 and 28430?
10
What is the highest common factor of 43536 and 240?
48
What is the highest common divisor of 18368 and 3157?
287
What is the highest common factor of 2250 and 81?
9
What is the greatest common factor of 887425 and 550?
275
What is the greatest common divisor of 1178 and 3193?
31
Calculate the greatest common divisor of 378227 and 1432.
179
Calculate the greatest common factor of 7890 and 9240.
30
What is the highest common factor of 28128 and 6720?
96
What is the greatest common factor of 1582 and 52997?
791
What is the greatest common factor of 146 and 108?
2
What is the highest common divisor of 96100 and 20?
20
What is the greatest common divisor of 3164279 and 95?
19
Calculate the highest common factor of 2786 and 236014.
398
Calculate the greatest common divisor of 366 and 2913177.
183
Calculate the highest common factor of 1311 and 10831482.
1311
What is the highest common divisor of 192 and 764268?
12
Calculate the highest common divisor of 184033 and 73.
73
What is the greatest common divisor of 979191 and 18?
9
Calculate the greatest common divisor of 12 and 997404.
12
What is the highest common factor of 2788 and 2720?
68
What is the highest common divisor of 2200 and 2376?
8